/(-18). Suppose -5*k + 5*j - 2*j = -246, 0 = k - s*j - 54. Calculate the remainder when k is divided by i.
8
Let b(a) = -2*a - 3. Let g be b(-12). Suppose -24*r + g = -21*r. Let c(w) = -w**3 + 9*w**2 + 9*w + 13. What is the remainder when r is divided by c(10)?
1
Let t = 632 + -605. What is the remainder when 918 is divided by t?
0
Suppose -2*k = -2, -57*r - k = -58*r + 5380. Calculate the remainder when r is divided by 18.
17
Let w = 24 + 12. Suppose 2*u + 16 = 6*u + 8. Suppose -u*a = -2*q - w, 3*a - q - 98 = -2*a. What is the remainder when a is divided by 12?
8
Let v be ((-3)/(-3))/(5/(2 + 38)). Let x(w) = 2*w - 3*w**2 + 9*w + 4*w**2 + v - 12*w. What is the remainder when 55 is divided by x(3)?
13
Suppose -u - 19*k + 24*k = -33, 2*k - 84 = -5*u. What is the remainder when 143 is divided by u?
17
Suppose 29*t - 34*t - 3*z + 43 = 0, 6*t - 86 = 5*z. Calculate the remainder when 3197 is divided by t.
7
What is the remainder when 509 is divided by (-129)/6*(11 + -3)/(-4)?
36
Let y(q) = 2*q**2 + 10*q - 31. Let j(x) = x**2 + 4*x - 18. Let o be -4 + 3 - (4 + 3). Calculate the remainder when y(-9) is divided by j(o).
13
Suppose -3*g + 4*z + 14629 = 0, -z = -4*g - 4082 + 23570. Calculate the remainder when g is divided by 811.
5
Let s = 176 + -173. Suppose s*b + 3*g = 297, -7*g + 8*g + 91 = b. What is the remainder when b is divided by 24?
23
Suppose 0*i + m + 60 = 4*i, 4*i + m = 68. Calculate the remainder when i is divided by (-21 + -3)*(-48)/198 + 16/88.
4
Suppose 0 = -4*i - 5*f + 16 + 13, f = 3*i + 2. What is the remainder when i/(1/196) - -2 is divided by 50?
48
Suppose -2*x + 70 = -0. Let n(d) = d**3 - 15*d**2 - 4*d + 70. Calculate the remainder when x is divided by n(15).
5
Suppose 2*b - 324 = 3*l - 99, 5*l - 249 = -2*b. Calculate the remainder when b is divided by 23.
2
Suppose 11*m + 352 - 429 = 0. Calculate the remainder when 558 is divided by m.
5
Let o be (1/(1/(-9)))/(1/12). Let q = 199 + o. Suppose 162 = 4*f + 2*b, 0*f - 3*b = 2*f - q. What is the remainder when 110 is divided by f?
34
Let p(t) = 2*t**2 + 40. Suppose -5*i = -5, 3*b - 294 + 19 = -5*i. Calculate the remainder when b is divided by p(0).
10
Suppose 3*n + 12 = 0, -3*j - n + 4*n = -42. What is the remainder when (-5)/(-10)*36*41/2 is divided by j?
9
Suppose 2*o - 3*x + 9 - 54 = 0, 5*o - 4*x - 116 = 0. Suppose 713 = o*n - 31. What is the remainder when 110 is divided by n?
17
Let v = 11 + -11. Suppose v = -5*q + 31 + 34. Suppose 0 = -1148*x + 1149*x - 35. Calculate the remainder when x is divided by q.
9
What is the remainder when (((-4)/14)/((-168)/23814))/((-2)/(-12)) is divided by 21?
12
Let z(b) = -4*b**2 - 86*b + 254. What is the remainder when 1383 is divided by z(-24)?
11
Suppose 4*m - 5915 = -p, m - 42 + 29449 = 5*p. Calculate the remainder when p is divided by 18.
15
Suppose 30*z - 31*z + 205 = -26. Calculate the remainder when z is divided by 94.
43
Let z = -7373 + 7387. What is the remainder when z is divided by 7?
0
Let r = 2291 - 1284. Calculate the remainder when 78 is divided by r/53 - (5 - 0).
8
Suppose -i - 5*p + 166 = 0, 2*i + 4*p = 291 + 5. Calculate the remainder when i is divided by 47.
42
Let i = 562 + -559. Suppose -3*r = -i*n + r + 500, 0 = -2*n + 2*r + 334. What is the remainder when n is divided by 55?
3
Let u(j) = -31*j. Let g(i) = 8*i. Let b(m) = -22*g(m) - 6*u(m). Suppose -1871*f + 12 = -1865*f. Calculate the remainder when 51 is divided by b(f).
11
Let q = -4553 + 4897. What is the remainder when q is divided by 115?
114
Suppose 15*u + 1128 - 2304 = 4329. What is the remainder when 4028 is divided by u?
358
Suppose 4*f + 222*m - 218*m = 108, -2*m = 4*f - 112. Calculate the remainder when 185 is divided by f.
11
Suppose 7*z - 57 = 328. Suppose -2*u + 45 + z = 0. What is the remainder when 149 is divided by u?
49
Calculate the remainder when ((-149)/(-2))/(126/252) is divided by 38.
35
Suppose -i + 0 = -19. What is the remainder when ((-6)/(-2))/(1/i) is divided by 366/6 + -17 - 40?
1
Let x(u) = -38*u + 15. Let r be x(2). Let g = -30 - r. Calculate the remainder when g is divided by (-98)/(-6) + 34/(-102).
15
Let n be (-7 + 5 - 2/(-2))*-2. Suppose -i = -n*i. Suppose 5*k - l - 201 = -i*l, 4*l = 3*k - 107. What is the remainder when 79 is divided by k?
38
Let a(d) = 2*d - 6. Let r(h) = -23*h + 8. Let p(q) = 43*q - 18. Let o(v) = 2*p(v) + 5*r(v). What is the remainder when o(-2) is divided by a(7)?
6
Suppose 44*g - 154643 + 15484 = 5865. Calculate the remainder when g is divided by 66.
62
Suppose -65*q = 4*l - 63*q - 590, 0 = 3*l - 3*q - 447. Calculate the remainder when l is divided by 23.
10
Let t(w) be the first derivative of w**4/4 - w**3 - 11*w**2/2 - 7*w - 152. Let o = 9 - 3. Calculate the remainder when t(o) is divided by 20.
15
Let x(a) = -a**3 - 8*a**2 - 2*a + 14. Let o be x(-7). Let p = o + 218. Suppose t = 4*z + 32, 4*z = 3*t - 125 + 13. What is the remainder when p is divided by t?
37
Suppose 2*f - 7 - 7 = -3*z, -3*z + 4*f = -26. What is the remainder when 7 is divided by z?
1
Let l = 13631 + -12345. Calculate the remainder when l is divided by 634.
18
Suppose -2*b - 2*s + 436 = 0, -5*s = -4*b + 881 + 18. Let h(u) = -13*u - 1. Calculate the remainder when b is divided by h(-3).
31
Suppose 3*f = -5*o - 3, -4*f + 21 = -f - 3*o. Suppose 0 = y - m - 19, 4*y - 89 - 3 = -f*m. What is the remainder when 95 is divided by y?
11
Let g(k) be the third derivative of -7*k**4/12 + 13*k**3/6 - 2*k**2 + 117. Calculate the remainder when g(-9) is divided by 10.
9
Suppose -512*t + 991216 + 569745 = -84607. What is the remainder when t is divided by 4?
2
Suppose -4*n - 12 = -r, 4*r + 39 - 11 = -3*n. Let u(s) = s**2 - s - 3. Let m = -1635 + 1640. What is the remainder when u(r) is divided by m?
2
Suppose -5*i + 3713 = -3*z, -8*i - 6*i + 3*z = -10364. What is the remainder when i is divided by 20?
19
Suppose 7*y + 5*c = 6*y - 6, 2*c + 24 = -4*y. Calculate the remainder when -1 - (-274)/((y + 5)*-2) is divided by 13.
6
Let p be (22/(-18))/((-20)/180). Suppose -4*v + 5*l + 71 = 0, -3*l + 87 = -8*v + p*v. What is the remainder when 35 is divided by v?
11
Suppose 28 = 2*f - 5*t, 3*f + 6*t = 11*t + 32. Suppose 5*z = f*c + c - 220, 92 = 2*c - z. Calculate the remainder when 186 is divided by c.
42
Let l(b) = -b**3 + 4*b**2 + 5*b + 7. Let d be l(-2). Suppose -10*w - 3344 = -d*w. What is the remainder when w is divided by 34?
32
Suppose 4*t = 4*d - d + 569, t - 5*d = 155. Suppose -i = 1, -4*h + t = i + 3*i. Let r = -32 + h. What is the remainder when 7 is divided by r?
3
Let n(c) = -488*c - 6827. Let j(z) = -8*z + 2. Calculate the remainder when j(-5) is divided by n(-14).
2
Let p(u) = 6*u**2 + 530*u + 2117. Calculate the remainder when 32456 is divided by p(-4).
92
Suppose -r - 103 = -4*p, -2*p + 4*r + 12 = -22. What is the remainder when p is divided by 3/(-1)*(8704/(-1887) + 12/(-222))?
13
Let t = -6864 - -13151. Calculate the remainder when t is divided by 185.
182
Let c(b) = 8*b - 21. Calculate the remainder when c(8) is divided by 223/14 - (-22)/308.
11
Suppose -5*p + 2128 = 9*p. Suppose a - 4 = 5*v, 4*a + a + 4*v = 78. Calculate the remainder when p is divided by a.
12
Let y = 22 + -133. Let l be (-20)/130 - y/(-39). Calculate the remainder when l*(-14)/147 + (-376)/(-7) is divided by 11.
10
Let b = 212 + -145. Let v = 61 + -49. Suppose -v*n = -101 - b. What is the remainder when 39 is divided by n?
11
Suppose -4*h + 2746 = -22*n + 21*n, -5*n = -h + 677. Calculate the remainder when h is divided by 44.
27
Let d(x) = -x**3 - x**2 + 20*x - 16. Let s be d(-9). Let m = -398 + s. What is the remainder when m is divided by 4?
2
Let d(r) = r**2 - 36*r + 305. What is the remainder when d(31) is divided by 15?
0
Let c = -15 - -5. Let z be ((-54)/c)/(5/75). Let n = z + -55. Calculate the remainder when 50 is divided by n.
24
Calculate the remainder when 605 is divided by (390/(-13))/180 + 3494/12.
23
Let f = 232 - 56. Calculate the remainder when 559 is divided by f.
31
Suppose -352 = -6*g - 94. What is the remainder when 347 is divided by g?
3
Let i(p) = 2*p**2 + 67*p + 754. Calculate the remainder when 678 is divided by i(-13).
15
Let m = -8861 - -9213. What is the remainder when m is divided by 332?
20
Suppose -4*p + 169 = -3*f, 9*f = -3*p + 5*f + 83. Calculate th